se 12) to base 7.
-1140
What is 1002 (base 9) in base 14?
3a3
20 (base 10) to base 11
19
Convert -51150 (base 7) to base 11.
-9382
-14a4 (base 11) to base 4
-132021
Convert 109 (base 15) to base 4.
3222
1312 (base 7) to base 6
2151
-1010001010101 (base 2) to base 3
-21010210
6161 (base 8) to base 4
301301
Convert -1a46 (base 15) to base 2.
-1011000111011
-1328a (base 11) to base 16
-4a1e
What is -5033 (base 6) in base 14?
-589
What is 22000 (base 3) in base 10?
216
What is 4989 (base 14) in base 7?
52332
10a6 (base 12) to base 16
73e
Convert -223 (base 11) to base 13.
-177
Convert -1028 (base 9) to base 15.
-355
11352 (base 6) to base 8
3164
536b (base 12) to base 7
35456
68c7 (base 13) to base 3
202011100
What is -2dc8 (base 14) in base 15?
-2677
What is 15530 (base 6) in base 3?
10112100
What is 1111101 (base 2) in base 14?
8d
What is -4aa1 (base 11) in base 4?
-1213311
What is 3aa (base 16) in base 2?
1110101010
200202 (base 3) to base 10
506
22200333 (base 4) to base 12
20b13
18a8 (base 15) to base 14
1d2d
-129 (base 10) to base 16
-81
What is -851 (base 9) in base 8?
-1266
2406 (base 8) to base 11
a6a
What is -11101101100110 (base 2) in base 12?
-8972
Convert -838 (base 15) to base 9.
-2478
What is -f3 (base 16) in base 2?
-11110011
11a (base 13) to base 14
da
Convert 4324 (base 5) to base 2.
1001001101
What is -22221002 (base 3) in base 6?
-50045
Convert a74 (base 15) to base 13.
10c6
-614 (base 11) to base 5
-10431
Convert -10012011 (base 3) to base 15.
-a51
-1524 (base 7) to base 10
-606
What is 3429 (base 16) in base 5?
411403
Convert 636 (base 8) to base 13.
25b
-40a4 (base 12) to base 5
-211121
Convert 1c92 (base 13) to base 12.
2620
-4b2 (base 13) to base 10
-821
What is 679 (base 10) in base 12?
487
What is -2e50 (base 15) in base 3?
-111200110
What is 1110100101 (base 2) in base 12?
659
What is -1156 (base 7) in base 14?
-22d
What is -2010021 (base 3) in base 6?
-11054
Convert -31324 (base 7) to base 12.
-4567
Convert -4121 (base 7) to base 12.
-9b8
Convert -854 (base 14) to base 3.
-2020211
2333 (base 16) to base 5
242021
1010111101010 (base 2) to base 3
21200210
1989 (base 11) to base 6
15353
Convert 1100011 (base 2) to base 12.
83
-5483 (base 10) to base 6
-41215
What is -20533 (base 6) in base 4?
-223221
-41 (base 14) to base 12
-49
-1041304 (base 5) to base 2
-100011110011001
What is -16b3e (base 15) in base 10?
-73409
Convert 4392 (base 10) to base 16.
1128
Convert -2840 (base 12) to base 13.
-2172
What is -3a8 (base 13) in base 9?
-786
Convert 12000100 (base 3) to base 7.
13440
What is 816 (base 11) in base 8?
1731
What is 329 (base 10) in base 8?
511
-10a4 (base 16) to base 11
-3223
389 (base 13) to base 14
324
Convert 74aa (base 11) to base 7.
40632
What is -1c352 (base 13) in base 8?
-154313
What is -3612 (base 10) in base 8?
-7034
What is 143 (base 9) in base 6?
320
What is 144132 (base 5) in base 16?
1817
Convert -478 (base 10) to base 7.
-1252
-11011111000 (base 2) to base 14
-916
Convert -6c5b (base 13) to base 10.
-15286
12020110 (base 3) to base 7
14064
Convert 38867 (base 10) to base 8.
113723
What is -141407 (base 8) in base 10?
-49927
Convert -b94 (base 13) to base 2.
-11110111100
What is -1111 (base 8) in base 16?
-249
425112 (base 6) to base 2
1000100000000100
What is -435 (base 8) in base 10?
-285
11 (base 6) to base 4
13
bc (base 14) to base 5
1131
Convert 8c68 (base 14) to base 12.
12150
52078 (base 9) to base 8
103036
Convert 1537 (base 10) to base 11.
1178
What is -6515 (base 8) in base 6?
-23433
-8440 (base 10) to base 3
-102120121
Convert 268 (base 14) to base 10.
484
Convert -266b1 (base 12) to base 6.
-1044341
b00 (base 13) to base 15
83e
What is 16561 (base 9) in base 2?
10110010000011
Convert 2802 (base 10) to base 6.
20550
-9809 (base 12) to base 8
-40511
Convert 571 (base 13) to base 10.
937
70886 (base 9) to base 4
23120331
Convert -3021 (base 4) to base 12.
-149
Convert -3330002 (base 4) to base 9.
-24112
-89e5 (base 15) to base 16
-7238
11202 (base 6) to base 14
814
Convert 1635 (base 8) to base 11.
771
What is 168 (base 10) in base 8?
250
Convert 191 (base 12) to base 5.
2003
15149 (base 13) to base 7
223652
What is -11111010 (base 3) in base 16?
-cc6
-7b27 (base 12) to base 6
-143251
-756 (base 14) to base 4
-112220
What is 211 (base 12) in base 13?
1a2
Convert 1021221 (base 4) to base 3.
20110120
What is -385 (base 11) in base 15?
-206
-2b3a (base 13) to base 8
-14236
Convert -325 (base 6) to base 3.
-11122
Convert 3d6c (base 14) to base 9.
15824
-2d3 (base 15) to base 4
-22020
Convert -10004 (base 7) to base 14.
-c3b
What is -1001000 (base 2) in base 12?
-60
What is 520133 (base 6) in base 10?
41529
Convert -249 (base 14) to base 15.
-207
10001110000101 (base 2) to base 5
242333
What is -45ba (base 12) in base 9?
-11587
-64165 (base 7) to base 8
-37002
Convert -1e57 (base 16) to base 9.
-11580
-100110001011 (base 2) to base 6
-15151
What is -308 (base 16) in base 10?
-776
Convert 103401 (base 8) to base 7.
202522
Convert -5df6 (base 16) to base 7.
-130062
-14929 (base 11) to base 15
-63aa
What is 1303 (base 6) in base 10?
327
What is 21203 (base 4) in base 2?
1001100011
dd (base 14) to base 6
523
What is -1011000010010 (base 2) in base 3?
-21202021
Convert 249 (base 10) to base 6.
1053
Convert 573 (base 12) to base 15.
38c
5808 (base 11) to base 15
23db
What is 17d9 (base 15) in base 4?
1100202
What is 6887 (base 10) in base 14?
271d
What is 431040 (base 5) in base 9?
21823
-36 (base 12) to base 13
-33
Convert 201101121 (base 3) to base 16.
3739
What is -541 (base 13) in base 3?
-1020021
-a808 (base 15) to base 4
-20223212
1010100101 (base 2) to base 9
832
What is 57d0 (base 14) in base 13?
6c4c
What is -2112002 (base 3) in base 16?
-72e
Convert -6d1 (base 15) to base 14.
-7c6
-11110000 (base 2) to base 10
-240
Convert -110110010000 (base 2) to base 8.
-6620
What is -9da2 (base 14) in base 2?
-110101011111010
Convert -4322 (base 15) to base 5.
-423312
-53532 (base 7) to base 2
-11001111110110
-143 (base 9) to base 16
-78
What is -1976 (base 11) in base 6?
-15331
-53152 (base 6) to base 10
-7196
-610 (base 8) to base 11
-327
713 (base 10) to base 7
2036
111322 (base 4) to base 15
637
-466 (base 12) to base 10
-654
-301 (base 10) to base 6
-1221
-1a21a (base 11) to base 4
-12320312
What is -101312 (base 4) in base 7?
-3221
-10102222 (base 3) to base 5
-40020
What is -2400 (base 6) in base 5?
-4301
What is -11001111010 (base 2) in base 5?
-23113
-13b7 (base 16) to base 2
-1001110110111
Convert -2403 (base 5) to base 6.
-1345
2848 (base 10) to base 4
230200
Convert 22089 (base 11) to base 15.
9761
What is 1123 (base 7) in base 5?
3114
10608 (base 9) to base 11
5334
12517 (base 8) to base 6
41131
Convert 10194 (base 12) to base 11.
14854
What is -13070 (base 14) in base 12?
-23076
Convert 236 (base 15) to base 10.
501
-100022 (base 5) to base 2
-110001000001
Convert -20a (base 15) to base 6.
-2044
Convert 179 (base 15) to base 13.
201
284 (base 9) to base 15
10d
What is -356060 (base 7) in base 15?
-141bb
-2048 (base 9) to base 13
-8b7
Convert -43 (base 11) to base 2.
-101111
-2110231 (base 4) to base 15
-2c47
Convert -309 (base 10) to base 11.
-261
What is -2438 (base 9) in base 3?
-2111022
What is -140311 (base 5) in base 6?
-42230
What is 4212 (base 5) in base 3?
202122
What is -3d21 (base 15) in base 14?
-4aa5
What is 5226 (base 7) in base 16?
729
571a (base 13) to base 14
462b
-69e0 (base 16) to base 7
-142010
Convert -721 (base 8) to base 3.
-122020
Convert 4f27 (base 16) to base 14.
7555
-226 (base 13) to base 15
-19a
Convert -440 (base 8) to base 4.
-10200
1116 (base 9) to base 5
11300
What is -7333 (base 16) in base 15?
-8b11
Convert -653 (base 10) to base 14.
-349
108 (base 11) to base 10
129
84 (base 13) to base 3
11000
Convert -6684 (base 9) to base 11.
-3788
-977 (base 11) to base 8
-2225
Convert 33912 (base 11) to base 3.
2111020111
What is 1144002 (base 5) in base 11?
15385
What is 121301 (base 4) in base 7?
4544
184c (base 13) to base 7
13351
What is -1005 (base 8) in base 3?
-201011
24484 (base 10) to base 14
8ccc
-31234 (base 8) to base 3
-122202212
217a (base 13) to base 7
16412
Convert -144b7 (base 12) to base 16.
-6ecb
What is -15732 (base 13) in base 4?
-21331002
What